 digit of 821675?
1
What is the units digit of 775126?
6
What is the hundreds digit of 1052167?
1
What is the tens digit of 3255398?
9
What is the hundreds digit of 1888700?
7
What is the units digit of 7632880?
0
What is the thousands digit of 183673?
3
What is the units digit of 5546684?
4
What is the hundreds digit of 1508554?
5
What is the tens digit of 437229?
2
What is the tens digit of 17731396?
9
What is the hundred thousands digit of 311488?
3
What is the units digit of 187883?
3
What is the units digit of 17592993?
3
What is the ten thousands digit of 1903393?
0
What is the thousands digit of 552708?
2
What is the hundred thousands digit of 1284045?
2
What is the hundreds digit of 57386?
3
What is the tens digit of 152807?
0
What is the hundred thousands digit of 3148225?
1
What is the ten thousands digit of 66574?
6
What is the hundred thousands digit of 280648?
2
What is the hundred thousands digit of 718960?
7
What is the ten thousands digit of 332380?
3
What is the units digit of 6787805?
5
What is the tens digit of 44300?
0
What is the thousands digit of 15883087?
3
What is the hundred thousands digit of 168306?
1
What is the hundred thousands digit of 860228?
8
What is the hundred thousands digit of 1594268?
5
What is the ten thousands digit of 93886?
9
What is the thousands digit of 295557?
5
What is the ten thousands digit of 2122944?
2
What is the ten thousands digit of 574304?
7
What is the units digit of 982061?
1
What is the units digit of 8337698?
8
What is the ten thousands digit of 28600375?
0
What is the thousands digit of 735489?
5
What is the hundreds digit of 2057821?
8
What is the ten thousands digit of 708121?
0
What is the tens digit of 7422193?
9
What is the millions digit of 8503210?
8
What is the hundred thousands digit of 349226?
3
What is the hundreds digit of 251550?
5
What is the tens digit of 422214?
1
What is the hundreds digit of 1864299?
2
What is the hundred thousands digit of 7549371?
5
What is the hundreds digit of 1911242?
2
What is the tens digit of 841532?
3
What is the hundred thousands digit of 2216558?
2
What is the units digit of 261249?
9
What is the hundred thousands digit of 1230611?
2
What is the millions digit of 1355784?
1
What is the thousands digit of 10230?
0
What is the units digit of 248869?
9
What is the thousands digit of 142490?
2
What is the tens digit of 14280956?
5
What is the units digit of 394257?
7
What is the tens digit of 434613?
1
What is the ten thousands digit of 362598?
6
What is the ten millions digit of 27399410?
2
What is the hundreds digit of 541105?
1
What is the millions digit of 2534422?
2
What is the hundred thousands digit of 17180488?
1
What is the units digit of 79117?
7
What is the millions digit of 4645596?
4
What is the hundred thousands digit of 798849?
7
What is the ten thousands digit of 4265275?
6
What is the hundreds digit of 1338291?
2
What is the thousands digit of 184442?
4
What is the tens digit of 23599578?
7
What is the hundreds digit of 37993?
9
What is the hundred thousands digit of 526898?
5
What is the tens digit of 3986759?
5
What is the thousands digit of 5782583?
2
What is the hundred thousands digit of 245781?
2
What is the units digit of 449615?
5
What is the units digit of 615651?
1
What is the thousands digit of 519265?
9
What is the units digit of 9158274?
4
What is the thousands digit of 1820740?
0
What is the ten thousands digit of 2680223?
8
What is the thousands digit of 5457482?
7
What is the millions digit of 13263415?
3
What is the tens digit of 33771?
7
What is the hundreds digit of 304620?
6
What is the hundred thousands digit of 194639?
1
What is the units digit of 6199588?
8
What is the ten thousands digit of 1431980?
3
What is the thousands digit of 246173?
6
What is the units digit of 6485970?
0
What is the ten thousands digit of 124403?
2
What is the thousands digit of 134577?
4
What is the ten millions digit of 18783631?
1
What is the hundred thousands digit of 413290?
4
What is the tens digit of 802680?
8
What is the hundreds digit of 145419?
4
What is the hundred thousands digit of 670269?
6
What is the hundred thousands digit of 1904933?
9
What is the tens digit of 213938?
3
What is the hundreds digit of 1386788?
7
What is the thousands digit of 125049?
5
What is the ten thousands digit of 534785?
3
What is the hundred thousands digit of 879468?
8
What is the units digit of 639988?
8
What is the ten thousands digit of 75580?
7
What is the ten thousands digit of 123728?
2
What is the millions digit of 23586255?
3
What is the hundreds digit of 293694?
6
What is the ten thousands digit of 17634577?
3
What is the ten thousands digit of 2678931?
7
What is the units digit of 998065?
5
What is the ten thousands digit of 668267?
6
What is the thousands digit of 5868342?
8
What is the thousands digit of 12918365?
8
What is the hundred thousands digit of 224351?
2
What is the ten millions digit of 37433334?
3
What is the thousands digit of 42885?
2
What is the hundreds digit of 59051?
0
What is the thousands digit of 6599625?
9
What is the tens digit of 598153?
5
What is the tens digit of 24443683?
8
What is the tens digit of 107140?
4
What is the tens digit of 14316847?
4
What is the hundreds digit of 327760?
7
What is the tens digit of 1233947?
4
What is the hundreds digit of 1277180?
1
What is the hundreds digit of 14834109?
1
What is the units digit of 26086433?
3
What is the thousands digit of 25371344?
1
What is the hundreds digit of 904736?
7
What is the units digit of 438120?
0
What is the hundreds digit of 5324317?
3
What is the units digit of 10407905?
5
What is the hundreds digit of 174067?
0
What is the thousands digit of 817023?
7
What is the units digit of 697368?
8
What is the tens digit of 1403163?
6
What is the tens digit of 4032964?
6
What is the thousands digit of 3668?
3
What is the ten thousands digit of 396965?
9
What is the tens digit of 32714991?
9
What is the units digit of 460706?
6
What is the hundred thousands digit of 9073666?
0
What is the tens digit of 88285?
8
What is the hundreds digit of 31706492?
4
What is the hundreds digit of 414879?
8
What is the hundred thousands digit of 708323?
7
What is the hundreds digit of 902258?
2
What is the thousands digit of 6758375?
8
What is the hundred thousands digit of 403123?
4
What is the units digit of 8076?
6
What is the units digit of 90482?
2
What is the ten thousands digit of 1249580?
4
What is the tens digit of 558263?
6
What is the thousands digit of 761830?
1
What is the thousands digit of 10799537?
9
What is the tens digit of 18301476?
7
What is the thousands digit of 721089?
1
What is the hundreds digit of 14897646?
6
What is the hundred thousands digit of 424459?
4
What is the hundred thousands digit of 381632?
3
What is the thousands digit of 5663435?
3
What is the ten thousands digit of 175769?
7
What is the millions digit of 9565175?
9
What is the millions digit of 2056182?
2
What is the hundred thousands digit of 523501?
5
What is the units digit of 13239704?
4
What is the ten thousands digit of 193758?
9
What is the millions digit of 4366918?
4
What is the thousands digit of 702609?
2
What is the hundred thousands digit of 867466?
8
What is the tens digit of 1035190?
9
What is the ten thousands digit of 7094631?
9
What is the hundreds digit of 525412?
4
What is the thousands digit of 8713499?
3
What is the tens digit of 146046?
4
What is the hundred thousands digit of 707456?
7
What is the hundred thousands digit of 4010059?
0
What is the units digit of 1690026?
6
What is the ten thousands digit of 422892?
2
What is the tens digit of 4837251?
5
What is the ten thousands digit of 725569?
2
What is the ten thousands digit of 1452824?
5
What is the hundreds digit of 110966?
9
What is the ten thousands digit of 8311394?
1
What is the tens digit of 601579?
7
What is the tens digit of 175039?
3
What is the tens digit of 1062855?
5
What is the hundred thousands digit of 8157302?
1
What is the ten thousands digit of 120887?
2
What is the tens digit of 1182608?
0
What is the millions digit of 9257704?
9
What is the hundred thousands digit of 2943119?
9
What is the thousands digit of 1473045?
3
What is the thousands digit of 2314786?
4
Wha